 What is the highest common divisor of 30 and x?
30
Let q be 1/((1/(-2))/((-39)/(-2))). Let g = 137 - q. What is the greatest common factor of 22 and g?
22
Let k = -30 + 24. Let i be (-211)/k + ((-12)/(-6))/(-12). What is the greatest common factor of i and 15?
5
Let u = -963 - -1393. Calculate the highest common divisor of u and 86.
86
Let h be 12/16 + 87/12. Suppose q - 11 = -5*v, -2*v - 28 = 3*q - h*q. Let s be (-451)/(-33) - (-2)/q. What is the highest common divisor of s and 42?
14
Suppose 32 = p - 5*t, -5*t = 2*p - 60 - 4. Let d be (-11 - 115/(-5))/(1/8). What is the greatest common divisor of d and p?
32
Let m = 194 - -103. Calculate the greatest common factor of m and 81.
27
Suppose -4905 = -4*q + 3*d, 0*q - 3*q + 2*d = -3678. What is the highest common factor of q and 72?
72
Suppose -f = -12 - 3. Suppose 3*d + f = 6*d - h, 0 = -3*d + 5*h + 15. What is the greatest common factor of d and 35?
5
Let i(c) be the second derivative of -2*c**3/3 + 7*c**2/2 - 15*c. Let t be i(-5). Calculate the highest common factor of 108 and t.
27
Let x = 18 + -11. Let r(a) = a**3 - 6*a**2 - 10*a + 15. Let o be r(6). Let b be ((-196)/10)/(18/o). Calculate the greatest common factor of x and b.
7
Let z be 1461/6 + 2/(-4). Let j = 495 + -468. What is the greatest common divisor of j and z?
27
Let c(a) = 12*a**3 + a**2 + 4*a - 4. Let d be c(1). Suppose 3*k = 4*m + d + 43, 5*k + 5*m = 35. What is the greatest common factor of k and 9?
3
Let t = 501 + -477. What is the greatest common divisor of 60 and t?
12
Suppose r - 232 = -3*p, 4*r + 162 = 2*p + r. Suppose g + 3*a = 21 + 111, 4*g - 478 = -2*a. What is the greatest common divisor of p and g?
39
Suppose 0 = -8*m + 76 + 116. What is the greatest common divisor of m and 48?
24
Let d be ((-8694)/20)/(-3) + (-19)/(-190). What is the greatest common factor of d and 116?
29
Let m(p) = p. Let u(t) = 8*t - 7. Let g(k) = 4*m(k) - u(k). Let a be g(6). Let h = -3 - a. What is the greatest common divisor of 28 and h?
14
Suppose 5*v + 30 = 5*q, -2*q = v + q - 10. Let x(p) = -20*p + 2. Let t be x(v). Let b = 13 + -7. Calculate the greatest common factor of b and t.
6
Suppose 0 = 5*j - d - 22, -d - 1 = j - 3*d. Suppose 5*n - 90 = j*r, -n - 4*r = 3*n - 96. What is the greatest common factor of 105 and n?
21
Let d(v) = -v + 4. Let u be d(4). Suppose u = z + z - 28. Suppose 25*b = 22*b - 21*b + 48. What is the highest common factor of z and b?
2
Let h(f) = -4*f + 24. Let a be h(5). Suppose 5*l - 1194 = -0*x + a*x, 4*l = 5*x + 948. What is the highest common divisor of l and 22?
22
Suppose r + 4 = 4*i, -9 = 3*i - 18. Let t = 201 - 113. What is the highest common divisor of t and r?
8
Let t = 14 - 8. Let s be 57/12*(0 - -2)*-6. Let x = -15 - s. What is the highest common divisor of t and x?
6
Let s = 1265 - 1231. Calculate the highest common divisor of 646 and s.
34
Let x(h) = h**2 - 5*h - 9. Let g be x(-9). Let j = -5 + 7. Suppose j*u - 2*a = 3*u - 5, 4*a = 3*u - 55. What is the highest common factor of g and u?
13
Let m(w) = 2*w**2 - 7*w - 2. Let f(r) = r**2 + r - 1. Let k(s) = 4*f(s) - m(s). Let i be k(3). What is the greatest common divisor of i and 7?
7
Let u(n) = 75 - 3*n - 29 + 0*n - 33. Let l be u(4). Calculate the highest common factor of 10 and l.
1
Suppose -2*f + 8 = -10. Let l = 17 - f. Let d(a) = -a**2 - 11*a - 14. Let h be d(-6). What is the greatest common divisor of l and h?
8
Let l(s) be the second derivative of 3*s**5/10 - s**4/4 - s**2 + 4*s. Let a be l(3). Let p = -53 + a. What is the highest common factor of p and 16?
16
Let s = 257 - 163. Let u = s + -90. What is the greatest common factor of u and 10?
2
Let d = -13 - -16. Suppose -12 = -4*b - 4*r, 4*b - 2*r = d*r + 39. What is the highest common factor of b and 54?
6
Suppose 5 = 7*o - 2*o, 5*n - 3*o = 292. Suppose -6*l + 1019 = n. Calculate the highest common factor of l and 20.
20
Let w be (-2)/10 - 228/(-15). Let j be (-420)/(-6)*6/w. Let k = j - 3. Calculate the greatest common divisor of 50 and k.
25
Suppose 4*u - 44 = -16. Let t be (54/u)/(7/49). What is the highest common factor of t and 6?
6
Let t be (-1)/(10/(-4) + 3). Let m be 48/3 - (t + 0). Suppose 3*g - 345 - 33 = 0. What is the highest common divisor of m and g?
18
Suppose -k + 5*m - 35 = k, m - 10 = k. Let n(v) = 2*v + 27. Let o be n(k). What is the highest common factor of 68 and o?
17
Let b = 9 - 2. Let x = 10 - b. Suppose 2*p - 2*u = -u + 22, -3*p + x*u + 27 = 0. Calculate the highest common factor of p and 65.
13
Let v(p) = p + 16. Let w(o) = -3*o - 48. Let y(t) = -11*v(t) - 4*w(t). Let b be y(-10). Let l = 22 - b. What is the highest common divisor of 40 and l?
8
Let f = -474 + 546. What is the highest common divisor of 96 and f?
24
Suppose 4 = 2*r + p + 3, -p = 3*r - 1. Suppose -4*s - 106 + 301 = v, 4*v - 12 = r. Calculate the highest common divisor of s and 16.
16
Suppose 0 = -3*k - 2*t + 247, 6*k - 7*t - 502 = -3*t. What is the greatest common divisor of k and 332?
83
Let s = 100 + -44. What is the greatest common divisor of s and 10?
2
Let t(m) = m**2 + 8*m - 9. Let g be t(2). Suppose 0 = -a + 18 + 4. What is the highest common divisor of g and a?
11
Suppose -4*p + 4 = -5*p, 0 = -c - 2*p - 20. Let m be (80/(-8))/(2/c). What is the highest common divisor of m and 20?
20
Let w be -4*25/(-4) - 5. Calculate the greatest common divisor of 490 and w.
10
Suppose -4*o - 138 = -558. Let h(w) = -3*w + 78. Let r be h(0). Let s be ((-18)/8)/(r/(-728)). What is the highest common factor of s and o?
21
Let m = 901 + -597. What is the greatest common divisor of 114 and m?
38
Let q be ((-50)/(-4))/(13/104). Suppose -16*v + 295 = -25. What is the greatest common divisor of v and q?
20
Let m = 2 - -24. Suppose -m = c + 6. Let j be c/6*45/(-20). What is the greatest common factor of 12 and j?
12
Let k(o) = -215*o**2 - 4*o + 3. Let m be k(2). Let p be m/(-95) + (-4)/38. Calculate the highest common factor of p and 3.
3
Suppose 35*c = 8*c + 1674. What is the highest common divisor of 899 and c?
31
Suppose -3*s - a = -13, 0*s - s + 5 = a. Calculate the greatest common divisor of s and 64.
4
Let y = 1010 - 869. What is the greatest common factor of y and 47?
47
Suppose -m - 23 = -3*r, -2*r - 4*m - 29 = -5*r. Let c(b) = b + 5. Let j be c(0). Suppose j*p - 53 + 18 = 0. Calculate the greatest common factor of p and r.
7
Let v = 90 + -90. Suppose -5*f + 5*w + 475 = 0, 0 = -2*f - v*w + 5*w + 175. What is the highest common factor of f and 4?
4
Let k(x) = 2*x**2 - 6 - x + 5 + x**3 - 3*x**2. Let b be k(2). What is the highest common divisor of b and 7?
1
Let i be (1 - (2 + -2)) + 7. Suppose -2 + 10 = 4*j. Suppose j*r - 101 = 43. What is the highest common factor of r and i?
8
Let x = -38 - -102. Suppose -3*f - f = 0. Suppose f = 4*q + 19 - 51. What is the highest common factor of q and x?
8
Let r = 973 - 841. Suppose 0 = 2*y - 3*y + 8. Let l = y + 4. Calculate the highest common factor of l and r.
12
Suppose 13*d + 2 = 15*d. Suppose 4*i = 2*i - 6, 19 = -2*l + 5*i. Let p = -12 - l. Calculate the highest common factor of p and d.
1
Let v(y) be the second derivative of y**3/6 + 7*y**2 + 22*y. Let t be v(-5). What is the greatest common factor of t and 81?
9
Let y = -167 + 149. Let m = 39 + y. What is the highest common divisor of 84 and m?
21
Let w = -26 + 29. Suppose b = 3*f - 10, -2*f + 3*b = -b. Let r = 5 + f. Calculate the highest common factor of w and r.
3
Let w be (-4)/(-16) - (-446)/8. What is the greatest common factor of 28 and w?
28
Let a = 30 - 34. Let h = a + 33. Calculate the greatest common factor of h and 29.
29
Let z be (512/(-8))/(6/(-15)). Suppose 48 = 4*h - z. Calculate the highest common factor of h and 13.
13
Let z(u) = 4*u**2 + 55*u - 11. Let q be z(-14). What is the greatest common divisor of 8 and q?
1
Suppose -250*s + 246*s = -6500. Calculate the greatest common factor of s and 13.
13
Let f(l) = l**2 + 15*l + 545. Let v be f(0). What is the highest common divisor of v and 10?
5
Suppose -5*d + 6*d - 2 = 3*x, -4*x = -3*d + 31. Calculate the highest common divisor of 187 and d.
17
Let m(t) = -2*t**3 + 13*t**2 - 2*t + 17. Let u be m(-6). Suppose -u = -22*b + 259. Calculate the highest common factor of b and 135.
27
Let d(x) = 3*x - 3. Let m be d(4). Suppose 45 = 4*i - 351. What is the great